
{"id":92,"date":"2016-08-16T18:38:20","date_gmt":"2016-08-16T16:38:20","guid":{"rendered":"http:\/\/128.1.1.105\/wordpress\/?page_id=92"},"modified":"2016-09-23T17:19:01","modified_gmt":"2016-09-23T15:19:01","slug":"organizzazione-aziendale","status":"publish","type":"page","link":"https:\/\/www.sintaxinformatica.it\/index.php\/azienda\/organizzazione-aziendale\/","title":{"rendered":"Organizzazione Aziendale"},"content":{"rendered":"<div class=\"text_box\">\n<h3>Organizzazione Aziendale<\/h3>\n<\/div>\n<div class=\"container_title\">\n<div class=\"container_6\">\n<h5>La struttura organizzativa prevede due funzioni di staff, <span_r>Segreteria Tecnica<\/span_r> e <span_r>Assicurazione Qualit\u00e0<\/span_r>, e quattro unit\u00e0 organizzative:<br \/><span_g><i class=\"fa fa-circle\" style=\"font-size:8px;\" aria-hidden=\"true\"><\/span_g><\/i>&nbsp;<span_g>Amministrazione e Finanza<\/span_g>, cui \u00e8 demandata la gestione della contabilit\u00e0 aziendale;<br \/><span_g><i class=\"fa fa-circle\" style=\"font-size:8px;\" aria-hidden=\"true\"><\/span_g><\/i>&nbsp;<span_g>Gestione Risorse Umane<\/span_g>, per la gestione del personale e la selezione di nuove figure professionali;<br \/><span_g><i class=\"fa fa-circle\" style=\"font-size:8px;\" aria-hidden=\"true\"><\/span_g><\/i>&nbsp;<span_g>Sales &#038; Marketing<\/span_g>, dedicata allo sviluppo delle attivit\u00e0 commerciali e delle partnership;<br \/><span_y><i class=\"fa fa-circle\" style=\"font-size:8px;\" aria-hidden=\"true\"><\/i>&nbsp;Produzione<\/span_y>, area centrale della Sintax, nella quale \u00e8 allocata la quasi totalit\u00e0 delle risorse umane ed \u00e8 divisa in tre distinte Unit\u00e0 Operative:<br \/><span_y><i class=\"fa fa-circle\" style=\"font-size:8px; margin-left:10px;\" aria-hidden=\"true\"><\/span_y><\/i>&nbsp;&nbsp;<span_b>Delivery<\/span_b>;<br \/><span_y><i class=\"fa fa-circle\" style=\"font-size:8px; margin-left:10px;\" aria-hidden=\"true\"><\/span_y><\/i>&nbsp;&nbsp;<span_b>Data Center<\/span_b>;<br \/><span_y><i class=\"fa fa-circle\" style=\"font-size:8px; margin-left:10px;\" aria-hidden=\"true\"><\/span_y><\/i>&nbsp;&nbsp;<span_b>Progettazione, Sviluppo e Manutenzione<\/span_b>.<\/p>\n<h5>\n<\/div>\n<div class=\"container_box_2\"><img loading=\"lazy\" decoding=\"async\" src=\"\/wp-content\/uploads\/2016\/09\/OrgAz_rsz_lft.png\" width=\"1000\" height=\"591\"class=\"aligncenter size-full wp-image-1511\"\/><\/div>\n<\/div>\n<div class=\"container_7\">\n<img loading=\"lazy\" decoding=\"async\" class=\"img_tb\" src=\"\/wp-content\/uploads\/2016\/08\/technical-service_blu.png\" alt=\"Coding\" width=\"80\" height=\"80\" size-thumbnail\/><\/p>\n<h4>Delivery<\/h4>\n<p><\/p>\n<h5>La Delivery \u00e8 il punto di riferimento per ogni nostro cliente, l\u2019interfaccia dedicata al supporto applicativo, operativo e alla formazione degli utenti, garantendo un <em><strong>servizio di supporto tecnico specialistico, affidabile, efficiente e di qualit\u00e0<\/em><\/strong>.<\/h5>\n<\/div>\n<div class=\"container_7\" style=\"padding-top:5px;\">\n<img loading=\"lazy\" decoding=\"async\" class=\"img_tb\" src=\"\/wp-content\/uploads\/2016\/08\/database_blu.png\" alt=\"OTech\" width=\"75\" height=\"75\" size-thumbnail\/><\/p>\n<h4>Data Center<\/h4>\n<p><\/p>\n<h5><em><strong>Affidabilit\u00e0, sicurezza delle informazioni e velocit\u00e0 di connessione<\/em><\/strong> sono gli obiettivi del nostro team dedicato alla gestione <em><strong>del data center aziendale<\/em><\/strong>, dei sistemi operativi e dei software di base. Sicurezza e riservatezza dei dati sono garantiti agli utenti con eccellenti livelli di servizio h 24 7 giorni su 7.<\/h5>\n<\/div>\n<div class=\"container_7\">\n<img loading=\"lazy\" decoding=\"async\" class=\"img_tb\" src=\"\/wp-content\/uploads\/2016\/08\/Coding_blu.png\" alt=\"Coding\" width=\"80\" height=\"80\" size-thumbnail\/><\/p>\n<h4>Progettazione, Sviluppo e Manutenzione<\/h4>\n<p><\/p>\n<h5>L\u2019unit\u00e0 operativa si occupa dell\u2019<em><strong>analisi, sviluppo ed evoluzione dei sistemi informativi aziendali<\/em><\/strong>. I nostri software sono implementati, testati e rilasciati in esercizio in linea con l&#8217;evoluzione normativa e i requisiti fissati dai nostri clienti.<\/h5>\n<\/div>\n<div class=\"license\">Icons made by <a title=\"Freepik\" href=\"http:\/\/www.freepik.com\">Freepik<\/a> from <a title=\"Flaticon\" href=\"http:\/\/www.flaticon.com\">www.flaticon.com<\/a> is licensed by <a title=\"Creative Commons BY 3.0\" href=\"http:\/\/creativecommons.org\/licenses\/by\/3.0\/\" target=\"_blank\">CC 3.0 BY<\/a><\/div>\n<div class=\"license\">Icons made by <a href=\"http:\/\/www.flaticon.com\/authors\/plainicon\" title=\"Plainicon\">Plainicon<\/a> from <a href=\"http:\/\/www.flaticon.com\" title=\"Flaticon\">www.flaticon.com<\/a> is licensed by <a href=\"http:\/\/creativecommons.org\/licenses\/by\/3.0\/\" title=\"Creative Commons BY 3.0\" target=\"_blank\">CC 3.0 BY<\/a><\/div>\n<\/div>\n","protected":false},"excerpt":{"rendered":"<p>Organizzazione Aziendale La struttura organizzativa prevede due funzioni di staff, Segreteria Tecnica e Assicurazione Qualit\u00e0, e quattro unit\u00e0 organizzative:&nbsp;Amministrazione e Finanza, cui \u00e8 demandata la gestione della contabilit\u00e0 aziendale;&nbsp;Gestione Risorse Umane, per la gestione del personale e la selezione di nuove figure professionali;&nbsp;Sales &#038; Marketing, dedicata allo sviluppo delle attivit\u00e0 commerciali e delle partnership;&nbsp;Produzione, area centrale della Sintax, nella quale \u00e8 allocata la quasi totalit\u00e0 delle risorse umane ed \u00e8 divisa in tre distinte Unit\u00e0 Operative:&nbsp;&nbsp;Delivery;&nbsp;&nbsp;Data Center;&nbsp;&nbsp;Progettazione, Sviluppo e Manutenzione. Delivery La Delivery \u00e8 il punto di riferimento per ogni nostro cliente, l\u2019interfaccia dedicata al supporto applicativo, operativo e alla formazione degli utenti, garantendo un servizio di supporto tecnico specialistico, affidabile, efficiente e di qualit\u00e0. Data Center Affidabilit\u00e0, sicurezza delle informazioni e velocit\u00e0 di connessione sono gli obiettivi del nostro team dedicato alla gestione del data center aziendale, dei sistemi operativi e dei software di base. Sicurezza e riservatezza dei dati sono garantiti agli utenti con eccellenti livelli di servizio h 24 7 giorni su 7. Progettazione, Sviluppo e Manutenzione L\u2019unit\u00e0 operativa si occupa dell\u2019analisi, sviluppo ed evoluzione dei sistemi informativi aziendali. I nostri software sono implementati, testati e rilasciati in esercizio in linea con l&#8217;evoluzione normativa e i requisiti fissati dai nostri clienti. Icons made by Freepik from www.flaticon.com is licensed by CC 3.0 BY Icons made by Plainicon from www.flaticon.com is licensed by CC 3.0 BY<\/p>\n","protected":false},"author":18,"featured_media":0,"parent":21,"menu_order":1,"comment_status":"closed","ping_status":"closed","template":"","meta":{"footnotes":""},"_links":{"self":[{"href":"https:\/\/www.sintaxinformatica.it\/index.php\/wp-json\/wp\/v2\/pages\/92"}],"collection":[{"href":"https:\/\/www.sintaxinformatica.it\/index.php\/wp-json\/wp\/v2\/pages"}],"about":[{"href":"https:\/\/www.sintaxinformatica.it\/index.php\/wp-json\/wp\/v2\/types\/page"}],"author":[{"embeddable":true,"href":"https:\/\/www.sintaxinformatica.it\/index.php\/wp-json\/wp\/v2\/users\/18"}],"replies":[{"embeddable":true,"href":"https:\/\/www.sintaxinformatica.it\/index.php\/wp-json\/wp\/v2\/comments?post=92"}],"version-history":[{"count":206,"href":"https:\/\/www.sintaxinformatica.it\/index.php\/wp-json\/wp\/v2\/pages\/92\/revisions"}],"predecessor-version":[{"id":3199,"href":"https:\/\/www.sintaxinformatica.it\/index.php\/wp-json\/wp\/v2\/pages\/92\/revisions\/3199"}],"up":[{"embeddable":true,"href":"https:\/\/www.sintaxinformatica.it\/index.php\/wp-json\/wp\/v2\/pages\/21"}],"wp:attachment":[{"href":"https:\/\/www.sintaxinformatica.it\/index.php\/wp-json\/wp\/v2\/media?parent=92"}],"curies":[{"name":"wp","href":"https:\/\/api.w.org\/{rel}","templated":true}]}}