
{"id":79,"date":"2016-08-16T16:31:52","date_gmt":"2016-08-16T14:31:52","guid":{"rendered":"http:\/\/128.1.1.105\/wordpress\/?page_id=79"},"modified":"2022-09-12T18:25:23","modified_gmt":"2022-09-12T16:25:23","slug":"chi-siamo","status":"publish","type":"page","link":"https:\/\/www.sintaxinformatica.it\/index.php\/azienda\/chi-siamo\/","title":{"rendered":"Chi Siamo"},"content":{"rendered":"<div class=\"text_box\">\n<h3>Chi siamo<\/h3>\n<\/div>\n<div class=\"container_11\" style=\"margin-bottom:30px !important\">\n<h5>La Sintax \u00e8 una software house che nasce nel 2000, come spin off di una societ\u00e0 operante nel settore dei servizi tributari per la Fiscalit\u00e0 Locale.<br \/>\n<br \/>\nDa allora la <em><strong>Sintax<\/em><\/strong> si \u00e8 focalizzata sullo sviluppo di <em><strong>servizi e tecnologie per la Fiscalit\u00e0 Locale<\/em><\/strong> puntando su <em><strong>creativit\u00e0, passione qualit\u00e0 e competenza<\/em><\/strong> per dare vita a <em><strong>soluzioni software e servizi sempre pi\u00f9 innovativi e avanzati<\/em><\/strong>.<br \/>\n<br \/>\nNell&#8217;azienda opera un team di professionisti con molteplici e pluriennali esperienze nell\u2019analisi e nella realizzazione di sistemi informativi nonch\u00e9 nell\u2019erogazione di servizi di supporto operativo per la Fiscalit\u00e0 Locale.<br \/>\n<br \/>\nNel giugno del 2021 la Sintax \u00e8 entrata a far parte del <a href=\"https:\/\/www.dylog.it\/azienda\">gruppo Dylog<\/a>, uno dei leader nazionali del settore dell\u2019Information Technology, che opera in una pluralit\u00e0 di settori merceologici e che conta 11 sedi in Italia ed oltre 1500 addetti. Da allora l\u2019azienda opera sotto la Direzione e il Coordinamento di <a href=\"https:\/\/www.padigitale.it\/\">PA Digitale S.p.A.<\/a>, anch\u2019essa societ\u00e0 del gruppo che, nel settore dell\u2019ICT, \u00e8 uno dei riferimenti nazionali nella fornitura di soluzioni e servizi in grado di innovare i processi gestionali della Pubblica Amministrazione.<br \/>\n<\/h5>\n<\/div>\n<div class=\"container_5\">\n<img loading=\"lazy\" decoding=\"async\" class=\"img_tb\" src=\"\/wp-content\/uploads\/2016\/09\/mission_bl.png\" alt=\"Mission\" width=\"60\" height=\"60\" size-thumbnail\/><\/p>\n<h4>Mission<\/h4>\n<h5 ><em>Realizzare prodotti software innovativi e servizi all&#8217;avanguardia a supporto della Fiscalit\u00e0 Locale<\/em><\/h5>\n<\/div>\n<div class=\"container_5\">\n<img loading=\"lazy\" decoding=\"async\" class=\"img_tb\" src=\"\/wp-content\/uploads\/2016\/09\/continuous-line-eye_red.png\" alt=\"Vision\" width=\"60\" height=\"60\" style=\"margin-top:40px\" size-thumbnail \/><\/p>\n<h4>Vision<\/h4>\n<h5><em>Diventare il punto di riferimento per la Fiscalit\u00e0 Locale:<br \/>nei servizi avanzati e nelle tecnologie informatiche<\/em><\/h5>\n<\/div>\n<div class=\"container_5\">\n<img loading=\"lazy\" decoding=\"async\" class=\"img_tb\" src=\"\/wp-content\/uploads\/2016\/09\/merit_y.png\" alt=\"Value\" width=\"50\" height=\"50\" size-thumbnail\/><\/p>\n<h4>I nostri valori<\/h4>\n<h5><em>Fornire prodotti e servizi di alta qualit\u00e0, migliorandoci continuamente per raggiungere risultati di eccellenza<\/em><\/h5>\n<\/div>\n<div class=\"license\">Icons made by <a title=\"Freepik\" href=\"http:\/\/www.freepik.com\">Freepik<\/a> from <a title=\"Flaticon\" href=\"http:\/\/www.flaticon.com\">www.flaticon.com<\/a> is licensed by <a title=\"Creative Commons BY 3.0\" href=\"http:\/\/creativecommons.org\/licenses\/by\/3.0\/\" target=\"_blank\">CC 3.0 BY<\/a><\/div>\n<div class=\"license\">Icons made by <a href=\"http:\/\/www.flaticon.com\/authors\/plainicon\" title=\"Plainicon\">Plainicon<\/a> from <a href=\"http:\/\/www.flaticon.com\" title=\"Flaticon\">www.flaticon.com<\/a> is licensed by <a href=\"http:\/\/creativecommons.org\/licenses\/by\/3.0\/\" title=\"Creative Commons BY 3.0\" target=\"_blank\">CC 3.0 BY<\/a><\/div>\n<\/div>\n","protected":false},"excerpt":{"rendered":"<p>Chi siamo La Sintax \u00e8 una software house che nasce nel 2000, come spin off di una societ\u00e0 operante nel settore dei servizi tributari per la Fiscalit\u00e0 Locale. Da allora la Sintax si \u00e8 focalizzata sullo sviluppo di servizi e tecnologie per la Fiscalit\u00e0 Locale puntando su creativit\u00e0, passione qualit\u00e0 e competenza per dare vita a soluzioni software e servizi sempre pi\u00f9 innovativi e avanzati. Nell&#8217;azienda opera un team di professionisti con molteplici e pluriennali esperienze nell\u2019analisi e nella realizzazione di sistemi informativi nonch\u00e9 nell\u2019erogazione di servizi di supporto operativo per la Fiscalit\u00e0 Locale. Nel giugno del 2021 la Sintax \u00e8 entrata a far parte del gruppo Dylog, uno dei leader nazionali del settore dell\u2019Information Technology, che opera in una pluralit\u00e0 di settori merceologici e che conta 11 sedi in Italia ed oltre 1500 addetti. Da allora l\u2019azienda opera sotto la Direzione e il Coordinamento di PA Digitale S.p.A., anch\u2019essa societ\u00e0 del gruppo che, nel settore dell\u2019ICT, \u00e8 uno dei riferimenti nazionali nella fornitura di soluzioni e servizi in grado di innovare i processi gestionali della Pubblica Amministrazione. Mission Realizzare prodotti software innovativi e servizi all&#8217;avanguardia a supporto della Fiscalit\u00e0 Locale Vision Diventare il punto di riferimento per la Fiscalit\u00e0 Locale:nei servizi avanzati e nelle tecnologie informatiche I nostri valori Fornire prodotti e servizi di alta qualit\u00e0, migliorandoci continuamente per raggiungere risultati di eccellenza Icons made by Freepik from www.flaticon.com is licensed by CC 3.0 BY Icons made by Plainicon from www.flaticon.com is licensed by CC 3.0 BY<\/p>\n","protected":false},"author":18,"featured_media":0,"parent":21,"menu_order":0,"comment_status":"closed","ping_status":"closed","template":"","meta":{"footnotes":""},"_links":{"self":[{"href":"https:\/\/www.sintaxinformatica.it\/index.php\/wp-json\/wp\/v2\/pages\/79"}],"collection":[{"href":"https:\/\/www.sintaxinformatica.it\/index.php\/wp-json\/wp\/v2\/pages"}],"about":[{"href":"https:\/\/www.sintaxinformatica.it\/index.php\/wp-json\/wp\/v2\/types\/page"}],"author":[{"embeddable":true,"href":"https:\/\/www.sintaxinformatica.it\/index.php\/wp-json\/wp\/v2\/users\/18"}],"replies":[{"embeddable":true,"href":"https:\/\/www.sintaxinformatica.it\/index.php\/wp-json\/wp\/v2\/comments?post=79"}],"version-history":[{"count":253,"href":"https:\/\/www.sintaxinformatica.it\/index.php\/wp-json\/wp\/v2\/pages\/79\/revisions"}],"predecessor-version":[{"id":5608,"href":"https:\/\/www.sintaxinformatica.it\/index.php\/wp-json\/wp\/v2\/pages\/79\/revisions\/5608"}],"up":[{"embeddable":true,"href":"https:\/\/www.sintaxinformatica.it\/index.php\/wp-json\/wp\/v2\/pages\/21"}],"wp:attachment":[{"href":"https:\/\/www.sintaxinformatica.it\/index.php\/wp-json\/wp\/v2\/media?parent=79"}],"curies":[{"name":"wp","href":"https:\/\/api.w.org\/{rel}","templated":true}]}}