
{"id":4999,"date":"2019-09-09T16:42:59","date_gmt":"2019-09-09T14:42:59","guid":{"rendered":"http:\/\/www.sintaxinformatica.it\/?page_id=4999"},"modified":"2023-09-25T15:40:37","modified_gmt":"2023-09-25T13:40:37","slug":"bandoselezionepersonale","status":"publish","type":"page","link":"https:\/\/www.sintaxinformatica.it\/index.php\/bandoselezionepersonale\/","title":{"rendered":"Bando selezione personale"},"content":{"rendered":"<p><img decoding=\"async\" class=\"img_tb\" src=\"\/wp-content\/uploads\/2018\/06\/cod.png\" alt=\"Ricerca&amp;Sviluppo\" \/><\/p>\n<div class=\"text_box\">\n<h3>Bando selezione personale<\/h3>\n<\/div>\n<div class=\"container_11\">\n<h5><em><strong>Presentazione dell\u2019azienda:<\/strong><\/em><br \/>\nLa Sintax srl, con sede legale in Rende (CS), sviluppa e commercializza una gamma completa di prodotti software e di servizi informatici innovativi per la gestione della Fiscalit\u00e0 Locale, a supporto di Enti Locali, Public Utilities, Consorzi di Bonifica e Concessionari della Riscossione.<br \/>\nDal 2000, anno della sua fondazione (nasce come spin-off del reparto informatico di una societ\u00e0 di servizi tributari), la Sintax opera nella Gestione delle Entrate degli Enti Locali, focalizzandosi sullo sviluppo software e sull\u2019assistenza ed il supporto operativo per la gestione della Fiscalit\u00e0 Locale, puntando sulle potenzialit\u00e0 del web per la loro erogazione.<br \/>\nDa luglio 2021 la Sintax \u00e8 entrata a far parte del gruppo Dylog, uno dei leader nazionali del settore dell\u2019Information Technology, che opera in una pluralit\u00e0 di settori merceologici e che conta 11 sedi in Italia ed oltre 1500 addetti. Da allora l\u2019azienda opera sotto la Direzione e il Coordinamento di PA Digitale S.p.A., anch\u2019essa societ\u00e0 del gruppo che, nel settore dell\u2019ICT, \u00e8 uno dei riferimenti nazionali nella fornitura di soluzioni e servizi in grado di innovare i processi gestionali della Pubblica Amministrazione.<br \/>\n<em><strong>Premessa:<\/strong><\/em><br \/>\nCon apposita determinazione dirigenziale, il Comune di Fasano ha provveduto ad aggiudicare alla Sintax il servizio di supporto alla gestione in forma diretta delle fasi di accertamento, liquidazione e riscossione ordinaria e coattiva delle entrate tributarie comunali, tramite un\u2019architettura informatica integrata fornita in cloud con la formula software as a service e di un portale del cittadino.<br \/>\nNell\u2019ambito di tale affidamento la Sintax ha la necessit\u00e0 di incrementare l\u2019organico dell\u2019Unit\u00e0 Operativa denominata \u201cDelivery\u201d, preposta alla formazione ed al supporto applicativo, operativo e tecnico-specialistico della clientela, con due nuove risorse di front office che, in loco, si coordineranno con il personale dell\u2019Ufficio tributi del Comune.<br \/>\n<em><strong>Figure professionali ricercate:<\/strong><\/em><br \/>\nLe due figure professionali ricercate, preferibilmente con laurea in Ingegneria Gestionale, dovranno essere in grado di sviluppare una solida conoscenza dell&#8217;intero processo di delivery delle applicazioni aziendali, degli strumenti, degli ambienti gestiti e di erogare alla clientela servizi di supporto operativo e consulenziale.<br \/>\nLe risorse selezionate, dopo un periodo iniziale di formazione presso la sede aziendale di Rende (CS), saranno allocate ed operative presso l\u2019Ufficio Tributi del Comune di Fasano per tutto il periodo del suddetto affidamento.<br \/>\n<em><strong>Per le figure professionali ricercate si offre:<\/strong><\/em><br \/>\n\u2022 Formazione e possibilit\u00e0 di crescita professionale;<br \/>\n\u2022 CCNL Metalmeccanico;<br \/>\n\u2022 Inquadramento e retribuzione commisurata anche ad eventuali esperienze maturate;<br \/>\n\u2022 Buoni pasto;<br \/>\n\u2022 Rimborso a pi\u00e8 di lista per le eventuali trasferte;<br \/>\n\u2022 Telefono e PC aziendali.<\/h5>\n<p><em><strong>Dove inviare il curriculum vitae:<\/strong><\/em><br \/>\nInviare la candidatura all&#8217;indirizzo: <em><strong><a href=\"mailto:info@sintax.eu\">info@sintax.eu<\/a><\/strong><\/em><\/p>\n<\/div>\n","protected":false},"excerpt":{"rendered":"<p>Bando selezione personale Presentazione dell\u2019azienda: La Sintax srl, con sede legale in Rende (CS), sviluppa e commercializza una gamma completa di prodotti software e di servizi informatici innovativi per la gestione della Fiscalit\u00e0 Locale, a supporto di Enti Locali, Public Utilities, Consorzi di Bonifica e Concessionari della Riscossione. Dal 2000, anno della sua fondazione (nasce come spin-off del reparto informatico di una societ\u00e0 di servizi tributari), la Sintax opera nella Gestione delle Entrate degli Enti Locali, focalizzandosi sullo sviluppo software e sull\u2019assistenza ed il supporto operativo per la gestione della Fiscalit\u00e0 Locale, puntando sulle potenzialit\u00e0 del web per la loro erogazione. Da luglio 2021 la Sintax \u00e8 entrata a far parte del gruppo Dylog, uno dei leader nazionali del settore dell\u2019Information Technology, che opera in una pluralit\u00e0 di settori merceologici e che conta 11 sedi in Italia ed oltre 1500 addetti. Da allora l\u2019azienda opera sotto la Direzione e il Coordinamento di PA Digitale S.p.A., anch\u2019essa societ\u00e0 del gruppo che, nel settore dell\u2019ICT, \u00e8 uno dei riferimenti nazionali nella fornitura di soluzioni e servizi in grado di innovare i processi gestionali della Pubblica Amministrazione. Premessa: Con apposita determinazione dirigenziale, il Comune di Fasano ha provveduto ad aggiudicare alla Sintax il servizio di supporto alla gestione in forma diretta delle fasi di accertamento, liquidazione e riscossione ordinaria e coattiva delle entrate tributarie comunali, tramite un\u2019architettura informatica integrata fornita in cloud con la formula software as a service e di un portale del cittadino. Nell\u2019ambito di tale affidamento la Sintax ha la necessit\u00e0 di incrementare l\u2019organico dell\u2019Unit\u00e0 Operativa denominata \u201cDelivery\u201d, preposta alla formazione ed al supporto applicativo, operativo e tecnico-specialistico della clientela, con due nuove risorse di front office che, in loco, si coordineranno con il personale dell\u2019Ufficio tributi del Comune. Figure professionali ricercate: Le due figure professionali ricercate, preferibilmente con laurea in Ingegneria Gestionale, dovranno essere in grado di sviluppare una solida conoscenza dell&#8217;intero processo di delivery delle applicazioni aziendali, degli strumenti, degli ambienti gestiti e di erogare alla clientela servizi di supporto operativo e consulenziale. Le risorse selezionate, dopo un periodo iniziale di formazione presso la sede aziendale di Rende (CS), saranno allocate ed operative presso l\u2019Ufficio Tributi del Comune di Fasano per tutto il periodo del suddetto affidamento. Per le figure professionali ricercate si offre: \u2022 Formazione e possibilit\u00e0 di crescita professionale; \u2022 CCNL Metalmeccanico; \u2022 Inquadramento e retribuzione commisurata anche ad eventuali esperienze maturate; \u2022 Buoni pasto; \u2022 Rimborso a pi\u00e8 di lista per le eventuali trasferte; \u2022 Telefono e PC aziendali. Dove inviare il curriculum vitae: Inviare la candidatura all&#8217;indirizzo: info@sintax.eu<\/p>\n","protected":false},"author":18,"featured_media":0,"parent":0,"menu_order":0,"comment_status":"closed","ping_status":"closed","template":"","meta":{"footnotes":""},"_links":{"self":[{"href":"https:\/\/www.sintaxinformatica.it\/index.php\/wp-json\/wp\/v2\/pages\/4999"}],"collection":[{"href":"https:\/\/www.sintaxinformatica.it\/index.php\/wp-json\/wp\/v2\/pages"}],"about":[{"href":"https:\/\/www.sintaxinformatica.it\/index.php\/wp-json\/wp\/v2\/types\/page"}],"author":[{"embeddable":true,"href":"https:\/\/www.sintaxinformatica.it\/index.php\/wp-json\/wp\/v2\/users\/18"}],"replies":[{"embeddable":true,"href":"https:\/\/www.sintaxinformatica.it\/index.php\/wp-json\/wp\/v2\/comments?post=4999"}],"version-history":[{"count":14,"href":"https:\/\/www.sintaxinformatica.it\/index.php\/wp-json\/wp\/v2\/pages\/4999\/revisions"}],"predecessor-version":[{"id":5544,"href":"https:\/\/www.sintaxinformatica.it\/index.php\/wp-json\/wp\/v2\/pages\/4999\/revisions\/5544"}],"wp:attachment":[{"href":"https:\/\/www.sintaxinformatica.it\/index.php\/wp-json\/wp\/v2\/media?parent=4999"}],"curies":[{"name":"wp","href":"https:\/\/api.w.org\/{rel}","templated":true}]}}