
{"id":3362,"date":"2016-09-27T10:44:23","date_gmt":"2016-09-27T08:44:23","guid":{"rendered":"http:\/\/www.sintaxinformatica.it\/?page_id=3362"},"modified":"2018-06-14T11:23:49","modified_gmt":"2018-06-14T09:23:49","slug":"cookie-policy","status":"publish","type":"page","link":"https:\/\/www.sintaxinformatica.it\/index.php\/cookie-policy\/","title":{"rendered":"Cookie Policy"},"content":{"rendered":"<div class=\"text_box\">\n<h3>Informativa estesa sull&#8217;uso dei cookie<\/h3>\n<\/div>\n<div class=\"container_11\">\n<h4 style=\"color:#666 !important; text-align: left !important; color:#666 !important; font-weight: bold !important;margin-top:10px !important; margin-bottom:5px !important\">Cosa sono i cookies<\/h4>\n<h5>Un &#8220;cookie&#8221; \u00e8 un file di testo salvato nel computer dell&#8217;utente nel momento in cui questo accede ad un sito web con lo scopo di fornire informazioni ogni volta che l&#8217;utente ritorna sullo stesso sito. E&#8217; una sorta di promemoria della pagina internet visitata. Con il cookie, il server web invia informazioni al browser dell&#8217;utente (Internet Explorer, Mozilla Firefox, Google Chrome, ecc.)  memorizzate sul computer di quest&#8217;ultimo, e saranno rilette ed aggiornate ogni qual volta l&#8217;utente ritorner\u00e0 sul sito. In questo modo il sito Web pu\u00f2 adattarsi automaticamente all&#8217;utente. Nel corso della navigazione l&#8217;utente potrebbe ricevere sul suo terminale anche cookie di siti diversi (cookies di &#8220;terze parti&#8221;), impostati direttamente da gestori di detti siti web e utilizzati per le finalit\u00e0 e secondo le modalit\u00e0 da questi definiti.<br \/>\nIn funzione della loro durata, si distinguono in cookie di sessione (ossia quelli temporanei e cancellati automaticamente dal terminale al termine della sessione di navigazione, chiudendo il browser) ed in cookie persistenti (ossia quelli che restano memorizzati sul terminale fino alla loro scadenza o cancellazione da parte dell&#8217;utente).<br \/>\nIn base alla funzione e alla finalit\u00e0 di utilizzo, i cookie possono suddividersi in cookie tecnici e cookie di profilazione.<br \/>\n<\/h5>\n<h4 style=\"color:#666 !important; text-align: left !important; color:#666 !important; font-weight: bold !important;margin-top:10px !important; margin-bottom:5px !important\">Cookie tecnici<\/h4>\n<h5>Alcuni cookie sono usati per eseguire autenticazioni informatiche, monitoraggio di sessioni e memorizzazione di informazioni specifiche sugli utenti che accedono ad una pagina web. Questi cookie, cosiddetti tecnici, sono spesso utili per consentire di navigare in un sito web e utilizzarne tutte le funzionalit\u00e0. I cookie tecnici sono quelli il cui utilizzo non richiede il consenso dell&#8217;utente.<br \/>\nA questa categoria appartengono anche gli analytics cookie. Si tratta di cookie che raccolgono informazioni circa l&#8217;utilizzo che un utente fa di un sito web e che consentono di migliorarne il funzionamento. Ad esempio gli analytics cookie mostrano quali sono le pagine pi\u00f9 frequentemente visitate, consentono di verificare quali sono gli schemi ricorrenti d&#8217;utilizzo di un sito web e aiutano a comprendere ogni difficolt\u00e0 che l&#8217;utente incontra nell&#8217;utilizzo.<\/h5>\n<h4 style=\"color:#666 !important; text-align: left !important; color:#666 !important; font-weight: bold !important;margin-top:10px !important; margin-bottom:5px !important\">Cookie di profilazione<\/h4>\n<h5>Altri cookie possono invece essere utilizzati per monitorare e profilare gli utenti durante la navigazione, studiare i loro movimenti e abitudini di consultazione del web o di consumo (cosa comprano, cosa leggono, ecc.), anche allo scopo di inviare pubblicit\u00e0 di servizi mirati e personalizzati. Si parla in questo caso di cookie di profilazione. L&#8217;utilizzo di detti cookie necessita dell&#8217;acquisizione preventiva del libero consenso informato dell&#8217;utente ai sensi dell&#8217;art. 7 del Regolamento UE 2016\/679.<\/h5>\n<h4 style=\"color:#666 !important; text-align: left !important; color:#666 !important; font-weight: bold !important;margin-top:10px !important; margin-bottom:5px !important\">Cookie di terze parti<\/h4>\n<h5>Pu\u00f2 accadere anche che una pagina web contenga cookie provenienti da altri siti e contenuti in vari elementi ospitati sulla pagina stessa, come ad esempio banner pubblicitari, immagini, video, mappe o specifici link a pagine web di altri domini che risiedono su server diversi da quello sul quale si trova la pagina richiesta. In altre parole, questi cookie sono impostati direttamente da gestori di siti web o server diversi da questo sito web. Parliamo, in questi casi, dei cosiddetti cookie terze parti, che di solito sono utilizzati a fini di profilazione. L&#8217;utilizzo di questi cookie necessita dell&#8217;acquisizione preventiva del libero consenso informato dell&#8217;utente.<\/h5>\n<h4 style=\"color:#666 !important; text-align: left !important; color:#666 !important; font-weight: bold !important;margin-top:10px !important; margin-bottom:5px !important\">Tipologie di cookie utilizzati dal nostro sito<\/h4>\n<h5>Le funzioni principali dei cookies installati da www.sintaxinformatica.it sono tecniche, vengono utilizzati per migliorare costantemente il Servizio, per l&#8217;autenticazione, per fini statistici, come il conteggio delle visite al sito. L&#8217;utilizzo di cookies \u00e8 dunque strettamente finalizzato a facilitare le funzioni del server di durante la navigazione del Servizio.<br \/>\nIl sito consente inoltre l&#8217;invio dei seguenti cookie di terze parti. Questi cookie non sono strumenti di nostra titolarit\u00e0, per maggiori informazioni, pertanto, \u00e8 possibile accedere all&#8217;informativa ed ai moduli di acquisizione del consenso delle terze parti, cliccando sui link riportati.<br \/>\nPer migliorare il sito web e comprendere quali parti o elementi siano maggiormente apprezzati dagli utenti, sono utilizzati come strumento di analisi anonima e aggregata, i cookie di terza parte di Google Analytics. Questi cookie non sono strumenti di nostra titolarit\u00e0, per maggiori informazioni, pertanto, \u00e8 possibile consultare l&#8217;informativa fornita da Google.<\/h5>\n<h4 style=\"color:#666 !important; text-align: left !important; color:#666 !important; font-weight: bold !important;margin-top:10px !important; margin-bottom:5px !important\">Gestione dei cookie<\/h4>\n<h5>L&#8217;utente pu\u00f2 gestire le proprie preferenze relative ai cookie attraverso le funzionalit\u00e0 presenti nei comuni browser che consentono di cancellare\/rimuovere i cookie (tutti o alcuni) o di cambiare le impostazioni del browser stesso in modo da bloccare l&#8217;invio dei cookie o di limitarlo a siti specifici (rispetto ad altri).<br \/>\nPertanto \u00e8 possibile negare l&#8217;utilizzo dei cookie, seguendo la procedura di disabilitazione prevista dal proprio browser. Di seguito si riportano le modalit\u00e0 proposte dai principali browser: <a href=\"http:\/\/windows.microsoft.com\/it-it\/windows-vista\/block-or-allow-cookies\">Microsoft Windows Explorer<\/a>, <a href=\"https:\/\/support.mozilla.org\/it\/kb\/Attivare%20e%20disattivare%20i%20cookie?redirectlocale=en-US&#038;redirectslug=Enabling+and+disabling+cookies\">Mozilla Firefox<\/a>, <a href=\"https:\/\/support.google.com\/accounts\/answer\/61416?hl=it\">Google Chrome<\/a>, <a href=\"http:\/\/www.apple.com\/legal\/privacy\/\">Apple Safari<\/a>, Google Analytics scaricando uno specifico plug-in del browser. Per avere informazioni sui cookie archiviati sul proprio terminale e disattivarli singolarmente si rinvia al link: <a href=\"http:\/\/www.youronlinechoices.com\/it\/le-tue-scelte\">youronlinechoices.com\/it\/le-tue-scelte<\/a><\/h5>\n<h4 style=\"color:#666 !important; text-align: left !important; color:#666 !important; font-weight: bold !important;margin-top:10px !important; margin-bottom:5px !important\">Plugin Social Network<\/h4>\n<h5>Il sito www.sintaxinformatica.it non incorpora plugin e\/o comandi per i social network.<\/h5>\n<h4 style=\"color:#666 !important; text-align: left !important; color:#666 !important; font-weight: bold !important;margin-top:10px !important; margin-bottom:5px !important\">Modifiche alla cookie policy<\/h4>\n<h5>La presente Policy Privacy pu\u00f2 subire modifiche nel tempo \u2013 anche connesse all&#8217;eventuale entrata in vigore di nuove normative di settore, all&#8217;aggiornamento o erogazione di nuovi servizi ovvero ad intervenute innovazioni tecnologiche \u2013 per cui l&#8217;utente\/visitatore \u00e8 invitato a consultare periodicamente il sito www.sintaxinformatica.it<\/h5>\n","protected":false},"excerpt":{"rendered":"<p>Informativa estesa sull&#8217;uso dei cookie Cosa sono i cookies Un &#8220;cookie&#8221; \u00e8 un file di testo salvato nel computer dell&#8217;utente nel momento in cui questo accede ad un sito web con lo scopo di fornire informazioni ogni volta che l&#8217;utente ritorna sullo stesso sito. E&#8217; una sorta di promemoria della pagina internet visitata. Con il cookie, il server web invia informazioni al browser dell&#8217;utente (Internet Explorer, Mozilla Firefox, Google Chrome, ecc.) memorizzate sul computer di quest&#8217;ultimo, e saranno rilette ed aggiornate ogni qual volta l&#8217;utente ritorner\u00e0 sul sito. In questo modo il sito Web pu\u00f2 adattarsi automaticamente all&#8217;utente. Nel corso della navigazione l&#8217;utente potrebbe ricevere sul suo terminale anche cookie di siti diversi (cookies di &#8220;terze parti&#8221;), impostati direttamente da gestori di detti siti web e utilizzati per le finalit\u00e0 e secondo le modalit\u00e0 da questi definiti. In funzione della loro durata, si distinguono in cookie di sessione (ossia quelli temporanei e cancellati automaticamente dal terminale al termine della sessione di navigazione, chiudendo il browser) ed in cookie persistenti (ossia quelli che restano memorizzati sul terminale fino alla loro scadenza o cancellazione da parte dell&#8217;utente). In base alla funzione e alla finalit\u00e0 di utilizzo, i cookie possono suddividersi in cookie tecnici e cookie di profilazione. Cookie tecnici Alcuni cookie sono usati per eseguire autenticazioni informatiche, monitoraggio di sessioni e memorizzazione di informazioni specifiche sugli utenti che accedono ad una pagina web. Questi cookie, cosiddetti tecnici, sono spesso utili per consentire di navigare in un sito web e utilizzarne tutte le funzionalit\u00e0. I cookie tecnici sono quelli il cui utilizzo non richiede il consenso dell&#8217;utente. A questa categoria appartengono anche gli analytics cookie. Si tratta di cookie che raccolgono informazioni circa l&#8217;utilizzo che un utente fa di un sito web e che consentono di migliorarne il funzionamento. Ad esempio gli analytics cookie mostrano quali sono le pagine pi\u00f9 frequentemente visitate, consentono di verificare quali sono gli schemi ricorrenti d&#8217;utilizzo di un sito web e aiutano a comprendere ogni difficolt\u00e0 che l&#8217;utente incontra nell&#8217;utilizzo. Cookie di profilazione Altri cookie possono invece essere utilizzati per monitorare e profilare gli utenti durante la navigazione, studiare i loro movimenti e abitudini di consultazione del web o di consumo (cosa comprano, cosa leggono, ecc.), anche allo scopo di inviare pubblicit\u00e0 di servizi mirati e personalizzati. Si parla in questo caso di cookie di profilazione. L&#8217;utilizzo di detti cookie necessita dell&#8217;acquisizione preventiva del libero consenso informato dell&#8217;utente ai sensi dell&#8217;art. 7 del Regolamento UE 2016\/679. Cookie di terze parti Pu\u00f2 accadere anche che una pagina web contenga cookie provenienti da altri siti e contenuti in vari elementi ospitati sulla pagina stessa, come ad esempio banner pubblicitari, immagini, video, mappe o specifici link a pagine web di altri domini che risiedono su server diversi da quello sul quale si trova la pagina richiesta. In altre parole, questi cookie sono impostati direttamente da gestori di siti web o server diversi da questo sito web. Parliamo, in questi casi, dei cosiddetti cookie terze parti, che di solito sono utilizzati a fini di profilazione. L&#8217;utilizzo di questi cookie necessita dell&#8217;acquisizione preventiva del libero consenso informato dell&#8217;utente. Tipologie di cookie utilizzati dal nostro sito Le funzioni principali dei cookies installati da www.sintaxinformatica.it sono tecniche, vengono utilizzati per migliorare costantemente il Servizio, per l&#8217;autenticazione, per fini statistici, come il conteggio delle visite al sito. L&#8217;utilizzo di cookies \u00e8 dunque strettamente finalizzato a facilitare le funzioni del server di durante la navigazione del Servizio. Il sito consente inoltre l&#8217;invio dei seguenti cookie di terze parti. Questi cookie non sono strumenti di nostra titolarit\u00e0, per maggiori informazioni, pertanto, \u00e8 possibile accedere all&#8217;informativa ed ai moduli di acquisizione del consenso delle terze parti, cliccando sui link riportati. Per migliorare il sito web e comprendere quali parti o elementi siano maggiormente apprezzati dagli utenti, sono utilizzati come strumento di analisi anonima e aggregata, i cookie di terza parte di Google Analytics. Questi cookie non sono strumenti di nostra titolarit\u00e0, per maggiori informazioni, pertanto, \u00e8 possibile consultare l&#8217;informativa fornita da Google. Gestione dei cookie L&#8217;utente pu\u00f2 gestire le proprie preferenze relative ai cookie attraverso le funzionalit\u00e0 presenti nei comuni browser che consentono di cancellare\/rimuovere i cookie (tutti o alcuni) o di cambiare le impostazioni del browser stesso in modo da bloccare l&#8217;invio dei cookie o di limitarlo a siti specifici (rispetto ad altri). Pertanto \u00e8 possibile negare l&#8217;utilizzo dei cookie, seguendo la procedura di disabilitazione prevista dal proprio browser. Di seguito si riportano le modalit\u00e0 proposte dai principali browser: Microsoft Windows Explorer, Mozilla Firefox, Google Chrome, Apple Safari, Google Analytics scaricando uno specifico plug-in del browser. Per avere informazioni sui cookie archiviati sul proprio terminale e disattivarli singolarmente si rinvia al link: youronlinechoices.com\/it\/le-tue-scelte Plugin Social Network Il sito www.sintaxinformatica.it non incorpora plugin e\/o comandi per i social network. Modifiche alla cookie policy La presente Policy Privacy pu\u00f2 subire modifiche nel tempo \u2013 anche connesse all&#8217;eventuale entrata in vigore di nuove normative di settore, all&#8217;aggiornamento o erogazione di nuovi servizi ovvero ad intervenute innovazioni tecnologiche \u2013 per cui l&#8217;utente\/visitatore \u00e8 invitato a consultare periodicamente il sito www.sintaxinformatica.it<\/p>\n","protected":false},"author":18,"featured_media":0,"parent":0,"menu_order":0,"comment_status":"closed","ping_status":"closed","template":"","meta":{"footnotes":""},"_links":{"self":[{"href":"https:\/\/www.sintaxinformatica.it\/index.php\/wp-json\/wp\/v2\/pages\/3362"}],"collection":[{"href":"https:\/\/www.sintaxinformatica.it\/index.php\/wp-json\/wp\/v2\/pages"}],"about":[{"href":"https:\/\/www.sintaxinformatica.it\/index.php\/wp-json\/wp\/v2\/types\/page"}],"author":[{"embeddable":true,"href":"https:\/\/www.sintaxinformatica.it\/index.php\/wp-json\/wp\/v2\/users\/18"}],"replies":[{"embeddable":true,"href":"https:\/\/www.sintaxinformatica.it\/index.php\/wp-json\/wp\/v2\/comments?post=3362"}],"version-history":[{"count":10,"href":"https:\/\/www.sintaxinformatica.it\/index.php\/wp-json\/wp\/v2\/pages\/3362\/revisions"}],"predecessor-version":[{"id":4893,"href":"https:\/\/www.sintaxinformatica.it\/index.php\/wp-json\/wp\/v2\/pages\/3362\/revisions\/4893"}],"wp:attachment":[{"href":"https:\/\/www.sintaxinformatica.it\/index.php\/wp-json\/wp\/v2\/media?parent=3362"}],"curies":[{"name":"wp","href":"https:\/\/api.w.org\/{rel}","templated":true}]}}