
{"id":116,"date":"2016-08-16T18:44:24","date_gmt":"2016-08-16T16:44:24","guid":{"rendered":"http:\/\/128.1.1.105\/wordpress\/?page_id=116"},"modified":"2016-09-23T17:28:01","modified_gmt":"2016-09-23T15:28:01","slug":"saas","status":"publish","type":"page","link":"https:\/\/www.sintaxinformatica.it\/index.php\/servizi\/saas\/","title":{"rendered":"SaaS"},"content":{"rendered":"<div class=\"text_box\">\n<h3>Software as a Service: una soluzione innovativa a costi contenuti<\/h3>\n<\/div>\n<div class=\"container_8\">\n<h5> Il nostro modello di distribuzione del software prevedere che le applicazioni Gestel\/Web e Gescob\/Web siano ospitate all&#8217;interno del Data Center aziendale e gli utenti possono accedervi direttamente da remoto, utilizzando un normale browser e un personal computer connesso ad internet.<\/h5>\n<div class=\"text_box\">\n<h3>I vantaggi della soluzione SAAS<\/h3>\n<\/div>\n<div class=\"container_box\"><img loading=\"lazy\" decoding=\"async\" class=\"img_reference\" src=\"\/wp-content\/uploads\/2016\/09\/euro_b.png\" alt=\"Savings\" width=\"40\" height=\"40\" style=\"padding-top:80px\" size-thumbnail \/><\/div>\n<div class=\"container_10\">\n<h5><em><strong>Pagamenti su consumi effettivi<\/em><\/strong><br \/>Il costo del servizio \u00e8 commisurato al numero di &#8220;posizioni gestite&#8221; indipendentemente dalla tipologia di Entrata. Per posizione gestita tipicamente s&#8217;intende il numero di avvisi emessi (TARI, SII, etc.), ovvero il numero di contribuenti tenuti al pagamento dell&#8217;imposta (IMU, TASI).<br \/><em><strong>Costi di investimento e gestione ridotti<\/em><\/strong><br \/>L\u2019Ente non ha necessit\u00e0 di sostenere investimenti iniziali e\/o costi derivanti dalla gestione di server. Si riducono drasticamente i costi d&#8217;acquisto dell&#8217;hardware e del software, delle risorse umane dedicate alla manutenzione e i costi dovuti a guasti o a fermi macchina.<\/h5>\n<\/div>\n<div class=\"container_box\"><img loading=\"lazy\" decoding=\"async\" class=\"img_reference\" src=\"\/wp-content\/uploads\/2016\/09\/padlock-open_r.png\" alt=\"Sicuro\" width=\"40\" height=\"40\" size-thumbnail \/><\/div>\n<div class=\"container_10\">\n<h5><em><strong>Sicurezza e continuit\u00e0 del servizio<\/em><\/strong><br \/>Sintax ha in carico la protezione delle linee, il salvataggio quotidiano dei dati, la conservazione dei backup e tutte le altre attivit\u00e0 atte a <em><strong>garantire all&#8217;Ente la continuit\u00e0 di servizio<\/em><\/strong>.<\/h5>\n<\/div>\n<div class=\"container_box\"><img loading=\"lazy\" decoding=\"async\" class=\"img_reference\" src=\"\/wp-content\/uploads\/2016\/09\/stopwatch_g.png\" alt=\"Pay\" width=\"40\" height=\"40\" style=\"padding-top:30px\" size-thumbnail \/><\/div>\n<div class=\"container_10\">\n<h5><em><strong>Aggiornamenti e monitoraggio continui<\/em><\/strong><br \/>Tutti gli aggiornamenti software e le attivit\u00e0 di monitoraggio sul sistema sono eseguite direttamente da un nostro team specialistico che gestisce il data center aziendale e che, grazie alle pi\u00f9 moderne tecnologie hardware e software, \u00e8 in grado di garantire le migliori performance dei sistemi.<\/h5>\n<\/div>\n<div class=\"container_box\"><img loading=\"lazy\" decoding=\"async\" class=\"img_reference\" src=\"\/wp-content\/uploads\/2016\/09\/database.png\" alt=\"stopwatch\" width=\"40\" height=\"40\" style=\"padding-left:5px;padding-top:25px\" size-thumbnail \/><\/div>\n<div class=\"container_10\">\n<h5><em><strong>Accesso remoto e Architettura multi-tenant<\/em><\/strong><br \/> L&#8217;architettura del <em><strong>nostro Data Center<\/em><\/strong> \u00e8 stata progettata per garantire l&#8217;interazione contemporanea di diverse centinaia di utenti e <em><strong>livelli di performance e di funzionalit\u00e0 elevate<\/em><\/strong>.<\/h5>\n<\/div>\n<\/div>\n<div class=\"container_box_2\"><img loading=\"lazy\" decoding=\"async\" class=\"img_tb\" src=\"\/wp-content\/uploads\/2016\/09\/saas.png\" alt=\"Portale del Contribuente\" width=\"350\" height=\"362\" size-thumbnail \/><\/div>\n<div class=\"license\">Icons made by <a title=\"Freepik\" href=\"http:\/\/www.freepik.com\">Freepik<\/a> from <a title=\"Flaticon\" href=\"http:\/\/www.flaticon.com\">www.flaticon.com<\/a> is licensed by <a title=\"Creative Commons BY 3.0\" href=\"http:\/\/creativecommons.org\/licenses\/by\/3.0\/\" target=\"_blank\">CC 3.0 BY<\/a><\/div>\n<div class=\"license\">Icons made by <a href=\"http:\/\/www.flaticon.com\/authors\/plainicon\" title=\"Plainicon\">Plainicon<\/a> from <a href=\"http:\/\/www.flaticon.com\" title=\"Flaticon\">www.flaticon.com<\/a> is licensed by <a href=\"http:\/\/creativecommons.org\/licenses\/by\/3.0\/\" title=\"Creative Commons BY 3.0\" target=\"_blank\">CC 3.0 BY<\/a><\/div>\n<\/div>\n","protected":false},"excerpt":{"rendered":"<p>Software as a Service: una soluzione innovativa a costi contenuti Il nostro modello di distribuzione del software prevedere che le applicazioni Gestel\/Web e Gescob\/Web siano ospitate all&#8217;interno del Data Center aziendale e gli utenti possono accedervi direttamente da remoto, utilizzando un normale browser e un personal computer connesso ad internet. I vantaggi della soluzione SAAS Pagamenti su consumi effettiviIl costo del servizio \u00e8 commisurato al numero di &#8220;posizioni gestite&#8221; indipendentemente dalla tipologia di Entrata. Per posizione gestita tipicamente s&#8217;intende il numero di avvisi emessi (TARI, SII, etc.), ovvero il numero di contribuenti tenuti al pagamento dell&#8217;imposta (IMU, TASI).Costi di investimento e gestione ridottiL\u2019Ente non ha necessit\u00e0 di sostenere investimenti iniziali e\/o costi derivanti dalla gestione di server. Si riducono drasticamente i costi d&#8217;acquisto dell&#8217;hardware e del software, delle risorse umane dedicate alla manutenzione e i costi dovuti a guasti o a fermi macchina. Sicurezza e continuit\u00e0 del servizioSintax ha in carico la protezione delle linee, il salvataggio quotidiano dei dati, la conservazione dei backup e tutte le altre attivit\u00e0 atte a garantire all&#8217;Ente la continuit\u00e0 di servizio. Aggiornamenti e monitoraggio continuiTutti gli aggiornamenti software e le attivit\u00e0 di monitoraggio sul sistema sono eseguite direttamente da un nostro team specialistico che gestisce il data center aziendale e che, grazie alle pi\u00f9 moderne tecnologie hardware e software, \u00e8 in grado di garantire le migliori performance dei sistemi. Accesso remoto e Architettura multi-tenant L&#8217;architettura del nostro Data Center \u00e8 stata progettata per garantire l&#8217;interazione contemporanea di diverse centinaia di utenti e livelli di performance e di funzionalit\u00e0 elevate. Icons made by Freepik from www.flaticon.com is licensed by CC 3.0 BY Icons made by Plainicon from www.flaticon.com is licensed by CC 3.0 BY<\/p>\n","protected":false},"author":18,"featured_media":0,"parent":25,"menu_order":0,"comment_status":"closed","ping_status":"closed","template":"","meta":{"footnotes":""},"_links":{"self":[{"href":"https:\/\/www.sintaxinformatica.it\/index.php\/wp-json\/wp\/v2\/pages\/116"}],"collection":[{"href":"https:\/\/www.sintaxinformatica.it\/index.php\/wp-json\/wp\/v2\/pages"}],"about":[{"href":"https:\/\/www.sintaxinformatica.it\/index.php\/wp-json\/wp\/v2\/types\/page"}],"author":[{"embeddable":true,"href":"https:\/\/www.sintaxinformatica.it\/index.php\/wp-json\/wp\/v2\/users\/18"}],"replies":[{"embeddable":true,"href":"https:\/\/www.sintaxinformatica.it\/index.php\/wp-json\/wp\/v2\/comments?post=116"}],"version-history":[{"count":61,"href":"https:\/\/www.sintaxinformatica.it\/index.php\/wp-json\/wp\/v2\/pages\/116\/revisions"}],"predecessor-version":[{"id":3209,"href":"https:\/\/www.sintaxinformatica.it\/index.php\/wp-json\/wp\/v2\/pages\/116\/revisions\/3209"}],"up":[{"embeddable":true,"href":"https:\/\/www.sintaxinformatica.it\/index.php\/wp-json\/wp\/v2\/pages\/25"}],"wp:attachment":[{"href":"https:\/\/www.sintaxinformatica.it\/index.php\/wp-json\/wp\/v2\/media?parent=116"}],"curies":[{"name":"wp","href":"https:\/\/api.w.org\/{rel}","templated":true}]}}